{"id":333832,"date":"2025-12-21T02:35:37","date_gmt":"2025-12-21T01:35:37","guid":{"rendered":"https:\/\/devetoper.com\/properties\/his777-2\/"},"modified":"2025-12-21T02:35:37","modified_gmt":"2025-12-21T01:35:37","slug":"his777-2","status":"publish","type":"property","link":"https:\/\/devetoper.com\/de\/properties\/his777-2\/","title":{"rendered":"HIS777"},"content":{"rendered":"<p>Residencial INBISA Arco de Ladrillo (Valladolid) \ud83d\udccd Lage und Eigenschaften der Investition Name: Residencial INBISA Arco de Ladrillo Anzahl der Wohnungen: 79 Lage: Zusammenfluss von Paseo Farnesio und Bartolom\u00e9 de las Casas (Valladolid) Status: In Kommerzialisierung (En comercializaci\u00f3n) Beschreibung: Exklusive private Wohnanlage mit einem eleganten, modernen und abgestuften architektonischen Design, das das Leben im Zentrum von Valladolid neu definieren soll.<\/p>\n<p>\ud83c\udfe1 Wohnungstypen und Preise Die Anlage bietet eine Vielzahl von Typologien, alle mit gro\u00dfen Terrassen. Wohnungstyp (Tipolog\u00eda) Anzahl der Schlafzimmer (Dorm.) Status Preis (von), (Precio desde) Typisch (Tipo) 2 Verf\u00fcgbar \u20ac 274.800 Typisch (Tipo) 3 Verf\u00fcgbar \u20ac 310.400 Penth\u00e4user (\u00c1tico) 3 Verf\u00fcgbar \u20ac 471.400 Penth\u00e4user (\u00c1tico) 3 Verf\u00fcgbar \u20ac 502.400 \u20ac Low Floor (Bajos) Mit privatem Garten Verf\u00fcgbar (Preise auf Anfrage) Der niedrigste Preis f\u00fcr eine 2-Schlafzimmer-Wohnung beginnt bei 274.800 \u20ac \ud83c\udfca Annehmlichkeiten (Zonas Comunes) Das Projekt wurde mit Blick auf Innovation, Nachhaltigkeit und einen neuen Lebensstil nach COVID-19 entworfen. Der Komplex bietet umfassende und vollst\u00e4ndige Gemeinschaftsbereiche:<\/p>\n<p>Schwimmbad (Piscina) Fitnessraum (Gimnasio) Sozialclub (Club social) Solarium (Zona sol\u00e1rium) Gartenbereiche (Zonas ajardinadas) Kinderspielplatz (\u00c1rea de juegos infantiles) Kinderzimmer (Sala infantil) Fahrradraum (Sala de bicicletas) Garagen und Abstellr\u00e4ume (Garajes y Trasteros) Vorinstallation f\u00fcr das Aufladen von Elektrofahrzeugen (Preinstalaci\u00f3n recarga de veh\u00edculos el\u00e9ctricos)<\/p>\n","protected":false},"excerpt":{"rendered":"<p>Residencial INBISA Arco de Ladrillo (Valladolid) \ud83d\udccd Lage und Eigenschaften der Investition Name: Residencial INBISA Arco de Ladrillo Anzahl der Wohnungen: 79 Lage: Zusammenfluss von Paseo Farnesio und Bartolom\u00e9 de las Casas (Valladolid) Status: In Kommerzialisierung (En comercializaci\u00f3n) Beschreibung: Exklusive private Wohnanlage mit einem eleganten, modernen und abgestuften architektonischen Design, das das Leben im Zentrum&#8230;<\/p>\n","protected":false},"author":1156,"featured_media":0,"menu_order":0,"template":"","meta":{"_acf_changed":false,"_kad_blocks_custom_css":"","_kad_blocks_head_custom_js":"","_kad_blocks_body_custom_js":"","_kad_blocks_footer_custom_js":"","_kad_post_transparent":"","_kad_post_title":"","_kad_post_layout":"","_kad_post_sidebar_id":"","_kad_post_content_style":"","_kad_post_vertical_padding":"","_kad_post_feature":"","_kad_post_feature_position":"","_kad_post_header":false,"_kad_post_footer":false,"_joinchat":[],"footnotes":""},"categories":[],"tags":[],"class_list":["post-333832","property","type-property","status-publish","hentry"],"acf":{"add_photos":[322846,322852,322849,322850,322855,322848,322847,322851,322854,322856,322853],"video":""},"yoast_head":"<!-- This site is optimized with the Yoast SEO plugin v24.5 - https:\/\/yoast.com\/wordpress\/plugins\/seo\/ -->\n<title>HIS777 - Devetoper<\/title>\n<meta name=\"robots\" content=\"noindex, follow\" \/>\n<meta property=\"og:locale\" content=\"de_DE\" \/>\n<meta property=\"og:type\" content=\"article\" \/>\n<meta property=\"og:title\" content=\"HIS777 - Devetoper\" \/>\n<meta property=\"og:description\" content=\"Residencial INBISA Arco de Ladrillo (Valladolid) \ud83d\udccd Lage und Eigenschaften der Investition Name: Residencial INBISA Arco de Ladrillo Anzahl der Wohnungen: 79 Lage: Zusammenfluss von Paseo Farnesio und Bartolom\u00e9 de las Casas (Valladolid) Status: In Kommerzialisierung (En comercializaci\u00f3n) Beschreibung: Exklusive private Wohnanlage mit einem eleganten, modernen und abgestuften architektonischen Design, das das Leben im Zentrum...\" \/>\n<meta property=\"og:url\" content=\"https:\/\/devetoper.com\/de\/properties\/his777-2\/\" \/>\n<meta property=\"og:site_name\" content=\"Devetoper\" \/>\n<meta property=\"article:publisher\" content=\"https:\/\/www.facebook.com\/DEVETOPERCOM\" \/>\n<meta property=\"og:image\" content=\"https:\/\/devetoper.com\/wp-content\/uploads\/2024\/05\/FALLBACK.png\" \/>\n\t<meta property=\"og:image:width\" content=\"1200\" \/>\n\t<meta property=\"og:image:height\" content=\"675\" \/>\n\t<meta property=\"og:image:type\" content=\"image\/png\" \/>\n<meta name=\"twitter:card\" content=\"summary_large_image\" \/>\n<meta name=\"twitter:site\" content=\"@DEVETOPER\" \/>\n<meta name=\"twitter:label1\" content=\"Gesch\u00e4tzte Lesezeit\" \/>\n\t<meta name=\"twitter:data1\" content=\"1 minute\" \/>\n<script type=\"application\/ld+json\" class=\"yoast-schema-graph\">{\"@context\":\"https:\/\/schema.org\",\"@graph\":[{\"@type\":[\"WebPage\",\"RealEstateListing\"],\"@id\":\"https:\/\/devetoper.com\/de\/properties\/his777-2\/\",\"url\":\"https:\/\/devetoper.com\/de\/properties\/his777-2\/\",\"name\":\"HIS777 - Devetoper\",\"isPartOf\":{\"@id\":\"https:\/\/devetoper.com\/de\/#website\"},\"datePublished\":\"2025-12-21T01:35:37+00:00\",\"breadcrumb\":{\"@id\":\"https:\/\/devetoper.com\/de\/properties\/his777-2\/#breadcrumb\"},\"inLanguage\":\"de-DE\",\"potentialAction\":[{\"@type\":\"ReadAction\",\"target\":[\"https:\/\/devetoper.com\/de\/properties\/his777-2\/\"]}]},{\"@type\":\"BreadcrumbList\",\"@id\":\"https:\/\/devetoper.com\/de\/properties\/his777-2\/#breadcrumb\",\"itemListElement\":[{\"@type\":\"ListItem\",\"position\":1,\"name\":\"Startseite\",\"item\":\"https:\/\/devetoper.com\/de\/\"},{\"@type\":\"ListItem\",\"position\":2,\"name\":\"Properties\",\"item\":\"https:\/\/devetoper.com\/de\/properties\/\"},{\"@type\":\"ListItem\",\"position\":3,\"name\":\"HIS777\"}]},{\"@type\":\"WebSite\",\"@id\":\"https:\/\/devetoper.com\/de\/#website\",\"url\":\"https:\/\/devetoper.com\/de\/\",\"name\":\"Devetoper\",\"description\":\"\u041f\u0440\u043e\u0444\u0435\u0441\u0441\u0438\u043e\u043d\u0430\u043b\u0438\u0437\u043c, \u043e\u0431\u0435\u0441\u043f\u0435\u0447\u0438\u0432\u0430\u044e\u0449\u0438\u0439 \u0431\u0435\u0437\u043e\u043f\u0430\u0441\u043d\u043e\u0441\u0442\u044c \u043a\u0430\u0436\u0434\u043e\u0439 \u0442\u0440\u0430\u043d\u0437\u0430\u043a\u0446\u0438\u0438\",\"publisher\":{\"@id\":\"https:\/\/devetoper.com\/de\/#organization\"},\"potentialAction\":[{\"@type\":\"SearchAction\",\"target\":{\"@type\":\"EntryPoint\",\"urlTemplate\":\"https:\/\/devetoper.com\/de\/?s={search_term_string}\"},\"query-input\":{\"@type\":\"PropertyValueSpecification\",\"valueRequired\":true,\"valueName\":\"search_term_string\"}}],\"inLanguage\":\"de-DE\"},{\"@type\":\"Organization\",\"@id\":\"https:\/\/devetoper.com\/de\/#organization\",\"name\":\"Devetoper\",\"url\":\"https:\/\/devetoper.com\/de\/\",\"logo\":{\"@type\":\"ImageObject\",\"inLanguage\":\"de-DE\",\"@id\":\"https:\/\/devetoper.com\/de\/#\/schema\/logo\/image\/\",\"url\":\"https:\/\/devetoper.com\/wp-content\/uploads\/2024\/05\/ORG_FALLBACK.png\",\"contentUrl\":\"https:\/\/devetoper.com\/wp-content\/uploads\/2024\/05\/ORG_FALLBACK.png\",\"width\":696,\"height\":696,\"caption\":\"Devetoper\"},\"image\":{\"@id\":\"https:\/\/devetoper.com\/de\/#\/schema\/logo\/image\/\"},\"sameAs\":[\"https:\/\/www.facebook.com\/DEVETOPERCOM\",\"https:\/\/x.com\/DEVETOPER\",\"https:\/\/www.youtube.com\/channel\/UCRF8haCQIXnFKmW464sqApQ\",\"https:\/\/www.tiktok.com\/@devetoper\",\"https:\/\/www.instagram.com\/devetoper_\/\"]}]}<\/script>\n<!-- \/ Yoast SEO plugin. -->","yoast_head_json":{"title":"HIS777 - Devetoper","robots":{"index":"noindex","follow":"follow"},"og_locale":"de_DE","og_type":"article","og_title":"HIS777 - Devetoper","og_description":"Residencial INBISA Arco de Ladrillo (Valladolid) \ud83d\udccd Lage und Eigenschaften der Investition Name: Residencial INBISA Arco de Ladrillo Anzahl der Wohnungen: 79 Lage: Zusammenfluss von Paseo Farnesio und Bartolom\u00e9 de las Casas (Valladolid) Status: In Kommerzialisierung (En comercializaci\u00f3n) Beschreibung: Exklusive private Wohnanlage mit einem eleganten, modernen und abgestuften architektonischen Design, das das Leben im Zentrum...","og_url":"https:\/\/devetoper.com\/de\/properties\/his777-2\/","og_site_name":"Devetoper","article_publisher":"https:\/\/www.facebook.com\/DEVETOPERCOM","og_image":[{"width":1200,"height":675,"url":"https:\/\/devetoper.com\/wp-content\/uploads\/2024\/05\/FALLBACK.png","type":"image\/png"}],"twitter_card":"summary_large_image","twitter_site":"@DEVETOPER","twitter_misc":{"Gesch\u00e4tzte Lesezeit":"1 minute"},"schema":{"@context":"https:\/\/schema.org","@graph":[{"@type":["WebPage","RealEstateListing"],"@id":"https:\/\/devetoper.com\/de\/properties\/his777-2\/","url":"https:\/\/devetoper.com\/de\/properties\/his777-2\/","name":"HIS777 - Devetoper","isPartOf":{"@id":"https:\/\/devetoper.com\/de\/#website"},"datePublished":"2025-12-21T01:35:37+00:00","breadcrumb":{"@id":"https:\/\/devetoper.com\/de\/properties\/his777-2\/#breadcrumb"},"inLanguage":"de-DE","potentialAction":[{"@type":"ReadAction","target":["https:\/\/devetoper.com\/de\/properties\/his777-2\/"]}]},{"@type":"BreadcrumbList","@id":"https:\/\/devetoper.com\/de\/properties\/his777-2\/#breadcrumb","itemListElement":[{"@type":"ListItem","position":1,"name":"Startseite","item":"https:\/\/devetoper.com\/de\/"},{"@type":"ListItem","position":2,"name":"Properties","item":"https:\/\/devetoper.com\/de\/properties\/"},{"@type":"ListItem","position":3,"name":"HIS777"}]},{"@type":"WebSite","@id":"https:\/\/devetoper.com\/de\/#website","url":"https:\/\/devetoper.com\/de\/","name":"Devetoper","description":"\u041f\u0440\u043e\u0444\u0435\u0441\u0441\u0438\u043e\u043d\u0430\u043b\u0438\u0437\u043c, \u043e\u0431\u0435\u0441\u043f\u0435\u0447\u0438\u0432\u0430\u044e\u0449\u0438\u0439 \u0431\u0435\u0437\u043e\u043f\u0430\u0441\u043d\u043e\u0441\u0442\u044c \u043a\u0430\u0436\u0434\u043e\u0439 \u0442\u0440\u0430\u043d\u0437\u0430\u043a\u0446\u0438\u0438","publisher":{"@id":"https:\/\/devetoper.com\/de\/#organization"},"potentialAction":[{"@type":"SearchAction","target":{"@type":"EntryPoint","urlTemplate":"https:\/\/devetoper.com\/de\/?s={search_term_string}"},"query-input":{"@type":"PropertyValueSpecification","valueRequired":true,"valueName":"search_term_string"}}],"inLanguage":"de-DE"},{"@type":"Organization","@id":"https:\/\/devetoper.com\/de\/#organization","name":"Devetoper","url":"https:\/\/devetoper.com\/de\/","logo":{"@type":"ImageObject","inLanguage":"de-DE","@id":"https:\/\/devetoper.com\/de\/#\/schema\/logo\/image\/","url":"https:\/\/devetoper.com\/wp-content\/uploads\/2024\/05\/ORG_FALLBACK.png","contentUrl":"https:\/\/devetoper.com\/wp-content\/uploads\/2024\/05\/ORG_FALLBACK.png","width":696,"height":696,"caption":"Devetoper"},"image":{"@id":"https:\/\/devetoper.com\/de\/#\/schema\/logo\/image\/"},"sameAs":["https:\/\/www.facebook.com\/DEVETOPERCOM","https:\/\/x.com\/DEVETOPER","https:\/\/www.youtube.com\/channel\/UCRF8haCQIXnFKmW464sqApQ","https:\/\/www.tiktok.com\/@devetoper","https:\/\/www.instagram.com\/devetoper_\/"]}]}},"taxonomy_info":[],"featured_image_src_large":false,"author_info":{"display_name":"DEVETOPER","author_link":"https:\/\/devetoper.com\/de\/author\/devetoper\/"},"comment_info":"","jetpack_sharing_enabled":true,"_links":{"self":[{"href":"https:\/\/devetoper.com\/de\/wp-json\/wp\/v2\/property\/333832","targetHints":{"allow":["GET"]}}],"collection":[{"href":"https:\/\/devetoper.com\/de\/wp-json\/wp\/v2\/property"}],"about":[{"href":"https:\/\/devetoper.com\/de\/wp-json\/wp\/v2\/types\/property"}],"author":[{"embeddable":true,"href":"https:\/\/devetoper.com\/de\/wp-json\/wp\/v2\/users\/1156"}],"version-history":[{"count":0,"href":"https:\/\/devetoper.com\/de\/wp-json\/wp\/v2\/property\/333832\/revisions"}],"acf:attachment":[{"embeddable":true,"href":"https:\/\/devetoper.com\/de\/wp-json\/wp\/v2\/media\/322853"},{"embeddable":true,"href":"https:\/\/devetoper.com\/de\/wp-json\/wp\/v2\/media\/322856"},{"embeddable":true,"href":"https:\/\/devetoper.com\/de\/wp-json\/wp\/v2\/media\/322854"},{"embeddable":true,"href":"https:\/\/devetoper.com\/de\/wp-json\/wp\/v2\/media\/322851"},{"embeddable":true,"href":"https:\/\/devetoper.com\/de\/wp-json\/wp\/v2\/media\/322847"},{"embeddable":true,"href":"https:\/\/devetoper.com\/de\/wp-json\/wp\/v2\/media\/322848"},{"embeddable":true,"href":"https:\/\/devetoper.com\/de\/wp-json\/wp\/v2\/media\/322855"},{"embeddable":true,"href":"https:\/\/devetoper.com\/de\/wp-json\/wp\/v2\/media\/322850"},{"embeddable":true,"href":"https:\/\/devetoper.com\/de\/wp-json\/wp\/v2\/media\/322849"},{"embeddable":true,"href":"https:\/\/devetoper.com\/de\/wp-json\/wp\/v2\/media\/322852"},{"embeddable":true,"href":"https:\/\/devetoper.com\/de\/wp-json\/wp\/v2\/media\/322846"}],"wp:attachment":[{"href":"https:\/\/devetoper.com\/de\/wp-json\/wp\/v2\/media?parent=333832"}],"wp:term":[{"taxonomy":"category","embeddable":true,"href":"https:\/\/devetoper.com\/de\/wp-json\/wp\/v2\/categories?post=333832"},{"taxonomy":"post_tag","embeddable":true,"href":"https:\/\/devetoper.com\/de\/wp-json\/wp\/v2\/tags?post=333832"}],"curies":[{"name":"wp","href":"https:\/\/api.w.org\/{rel}","templated":true}]}}

<p>Residencial INBISA Arco de Ladrillo (Valladolid) 📍 Lage und Eigenschaften der Investition Name: Residencial INBISA Arco de Ladrillo Anzahl der Wohnungen: 79 Lage: Zusammenfluss von Paseo Farnesio und Bartolomé de las Casas (Valladolid) Status: In Kommerzialisierung (En comercialización) Beschreibung: Exklusive private Wohnanlage mit einem eleganten, modernen und abgestuften architektonischen Design, das das Leben im Zentrum von Valladolid neu definieren soll.</p>
<p>🏡 Wohnungstypen und Preise Die Anlage bietet eine Vielzahl von Typologien, alle mit großen Terrassen. Wohnungstyp (Tipología) Anzahl der Schlafzimmer (Dorm.) Status Preis (von), (Precio desde) Typisch (Tipo) 2 Verfügbar € 274.800 Typisch (Tipo) 3 Verfügbar € 310.400 Penthäuser (Ático) 3 Verfügbar € 471.400 Penthäuser (Ático) 3 Verfügbar € 502.400 € Low Floor (Bajos) Mit privatem Garten Verfügbar (Preise auf Anfrage) Der niedrigste Preis für eine 2-Schlafzimmer-Wohnung beginnt bei 274.800 € 🏊 Annehmlichkeiten (Zonas Comunes) Das Projekt wurde mit Blick auf Innovation, Nachhaltigkeit und einen neuen Lebensstil nach COVID-19 entworfen. Der Komplex bietet umfassende und vollständige Gemeinschaftsbereiche:</p>
<p>Schwimmbad (Piscina) Fitnessraum (Gimnasio) Sozialclub (Club social) Solarium (Zona solárium) Gartenbereiche (Zonas ajardinadas) Kinderspielplatz (Área de juegos infantiles) Kinderzimmer (Sala infantil) Fahrradraum (Sala de bicicletas) Garagen und Abstellräume (Garajes y Trasteros) Vorinstallation für das Aufladen von Elektrofahrzeugen (Preinstalación recarga de vehículos eléctricos)</p>

<p>Residencial INBISA Arco de Ladrillo (Valladolid) 📍 Lage und Eigenschaften der Investition Name: Residencial INBISA Arco de Ladrillo Anzahl der Wohnungen: 79 Lage: Zusammenfluss von Paseo Farnesio und Bartolomé de las Casas (Valladolid) Status: In Kommerzialisierung (En comercialización) Beschreibung: Exklusive private Wohnanlage mit einem eleganten, modernen und abgestuften architektonischen Design, das das Leben im Zentrum&#8230;</p>

<!-- This site is optimized with the Yoast SEO plugin v24.5 - https://yoast.com/wordpress/plugins/seo/ -->
<title>HIS777 - Devetoper</title>
<meta name="robots" content="noindex, follow" />
<meta property="og:locale" content="de_DE" />
<meta property="og:type" content="article" />
<meta property="og:title" content="HIS777 - Devetoper" />
<meta property="og:description" content="Residencial INBISA Arco de Ladrillo (Valladolid) 📍 Lage und Eigenschaften der Investition Name: Residencial INBISA Arco de Ladrillo Anzahl der Wohnungen: 79 Lage: Zusammenfluss von Paseo Farnesio und Bartolomé de las Casas (Valladolid) Status: In Kommerzialisierung (En comercialización) Beschreibung: Exklusive private Wohnanlage mit einem eleganten, modernen und abgestuften architektonischen Design, das das Leben im Zentrum..." />
<meta property="og:url" content="https://devetoper.com/de/properties/his777-2/" />
<meta property="og:site_name" content="Devetoper" />
<meta property="article:publisher" content="https://www.facebook.com/DEVETOPERCOM" />
<meta property="og:image" content="https://devetoper.com/wp-content/uploads/2024/05/FALLBACK.png" />
	<meta property="og:image:width" content="1200" />
	<meta property="og:image:height" content="675" />
	<meta property="og:image:type" content="image/png" />
<meta name="twitter:card" content="summary_large_image" />
<meta name="twitter:site" content="@DEVETOPER" />
<meta name="twitter:label1" content="Geschätzte Lesezeit" />
	<meta name="twitter:data1" content="1 minute" />
<script type="application/ld+json" class="yoast-schema-graph">{"@context":"https://schema.org","@graph":[{"@type":["WebPage","RealEstateListing"],"@id":"https://devetoper.com/de/properties/his777-2/","url":"https://devetoper.com/de/properties/his777-2/","name":"HIS777 - Devetoper","isPartOf":{"@id":"https://devetoper.com/de/#website"},"datePublished":"2025-12-21T01:35:37+00:00","breadcrumb":{"@id":"https://devetoper.com/de/properties/his777-2/#breadcrumb"},"inLanguage":"de-DE","potentialAction":[{"@type":"ReadAction","target":["https://devetoper.com/de/properties/his777-2/"]}]},{"@type":"BreadcrumbList","@id":"https://devetoper.com/de/properties/his777-2/#breadcrumb","itemListElement":[{"@type":"ListItem","position":1,"name":"Startseite","item":"https://devetoper.com/de/"},{"@type":"ListItem","position":2,"name":"Properties","item":"https://devetoper.com/de/properties/"},{"@type":"ListItem","position":3,"name":"HIS777"}]},{"@type":"WebSite","@id":"https://devetoper.com/de/#website","url":"https://devetoper.com/de/","name":"Devetoper","description":"Профессионализм, обеспечивающий безопасность каждой транзакции","publisher":{"@id":"https://devetoper.com/de/#organization"},"potentialAction":[{"@type":"SearchAction","target":{"@type":"EntryPoint","urlTemplate":"https://devetoper.com/de/?s={search_term_string}"},"query-input":{"@type":"PropertyValueSpecification","valueRequired":true,"valueName":"search_term_string"}}],"inLanguage":"de-DE"},{"@type":"Organization","@id":"https://devetoper.com/de/#organization","name":"Devetoper","url":"https://devetoper.com/de/","logo":{"@type":"ImageObject","inLanguage":"de-DE","@id":"https://devetoper.com/de/#/schema/logo/image/","url":"https://devetoper.com/wp-content/uploads/2024/05/ORG_FALLBACK.png","contentUrl":"https://devetoper.com/wp-content/uploads/2024/05/ORG_FALLBACK.png","width":696,"height":696,"caption":"Devetoper"},"image":{"@id":"https://devetoper.com/de/#/schema/logo/image/"},"sameAs":["https://www.facebook.com/DEVETOPERCOM","https://x.com/DEVETOPER","https://www.youtube.com/channel/UCRF8haCQIXnFKmW464sqApQ","https://www.tiktok.com/@devetoper","https://www.instagram.com/devetoper_/"]}]}</script>
<!-- / Yoast SEO plugin. -->

Residencial INBISA Arco de Ladrillo (Valladolid) 📍 Lage und Eigenschaften der Investition Name: Residencial INBISA Arco de Ladrillo Anzahl der Wohnungen: 79 Lage: Zusammenfluss von Paseo Farnesio und Bartolomé de las Casas (Valladolid) Status: In Kommerzialisierung (En comercialización) Beschreibung: Exklusive private Wohnanlage mit einem eleganten, modernen und abgestuften architektonischen Design, das das Leben im Zentrum...

Профессионализм, обеспечивающий безопасность каждой транзакции
