{"id":337532,"date":"2025-12-29T06:45:54","date_gmt":"2025-12-29T05:45:54","guid":{"rendered":"https:\/\/devetoper.com\/properties\/n7869-2\/"},"modified":"2025-12-29T06:45:54","modified_gmt":"2025-12-29T05:45:54","slug":"n7869-2","status":"publish","type":"property","link":"https:\/\/devetoper.com\/de\/properties\/n7869-2\/","title":{"rendered":"N7869"},"content":{"rendered":"<p>ERSTE MARKTSTADTH\u00c4USER IN FINESTRAT Eine prim\u00e4re Wohnanlage mit Reihenh\u00e4usern und Doppelhaush\u00e4lften in Sierra Cortina, Finestrat. Alle Immobilien werden \u00fcber 3 ger\u00e4umige Schlafzimmer und 3 elegante B\u00e4der verf\u00fcgen, um den Komfort und die Privatsph\u00e4re ihrer Bewohner zu gew\u00e4hrleisten. Das ger\u00e4umige Wohnzimmer mit Essbereich und integrierter moderner K\u00fcche wird das Herz des Hauses sein, in dem Familie und Freunde zusammenkommen und unvergessliche Momente genie\u00dfen k\u00f6nnen. Dar\u00fcber hinaus wird das Haus mit einer Klimaanlage ausgestattet sein. Modernste Technologie wird ein wichtiges Merkmal dieses Hauses sein, da es mit einem fortschrittlichen Hausautomatisierungssystem voll automatisiert sein wird. Von der Beleuchtungssteuerung bis zum Sicherheitsmanagement haben Sie alles im Griff. Der private Garten wird eine Oase der Ruhe sein, in der Sie sich entspannen und die Natur genie\u00dfen k\u00f6nnen. Dar\u00fcber hinaus verf\u00fcgt die Immobilie \u00fcber einen beeindruckenden Gemeinschaftspool, der ideal ist, um sich abzuk\u00fchlen und sich mit den Nachbarn zu treffen, sowie \u00fcber einen Kinderspielplatz. Die Neubauprojekte bieten komfortablen und funktionalen Platz f\u00fcr die ganze Familie. Sie verf\u00fcgen au\u00dferdem \u00fcber einen privaten Parkplatz, der zus\u00e4tzlichen Komfort bietet. Kurzum, diese brandneuen Immobilien in Sierra Cortina sind der perfekte Wohnsitz f\u00fcr alle, die einen komfortablen und luxuri\u00f6sen Lebensstil suchen. Diese atemberaubenden, neu gebauten Immobilien befinden sich in der exklusiven Urbanisation Sierra Cortina, nur 5 Minuten von Benidorm entfernt.<\/p>\n","protected":false},"excerpt":{"rendered":"<p>ERSTE MARKTSTADTH\u00c4USER IN FINESTRAT Eine prim\u00e4re Wohnanlage mit Reihenh\u00e4usern und Doppelhaush\u00e4lften in Sierra Cortina, Finestrat. Alle Immobilien werden \u00fcber 3 ger\u00e4umige Schlafzimmer und 3 elegante B\u00e4der verf\u00fcgen, um den Komfort und die Privatsph\u00e4re ihrer Bewohner zu gew\u00e4hrleisten. Das ger\u00e4umige Wohnzimmer mit Essbereich und integrierter moderner K\u00fcche wird das Herz des Hauses sein, in dem Familie&#8230;<\/p>\n","protected":false},"author":4,"featured_media":0,"menu_order":0,"template":"","meta":{"_acf_changed":false,"_kad_blocks_custom_css":"","_kad_blocks_head_custom_js":"","_kad_blocks_body_custom_js":"","_kad_blocks_footer_custom_js":"","_kad_post_transparent":"","_kad_post_title":"","_kad_post_layout":"","_kad_post_sidebar_id":"","_kad_post_content_style":"","_kad_post_vertical_padding":"","_kad_post_feature":"","_kad_post_feature_position":"","_kad_post_header":false,"_kad_post_footer":false,"_joinchat":[],"footnotes":""},"categories":[],"tags":[],"class_list":["post-337532","property","type-property","status-publish","hentry"],"acf":{"add_photos":[135554,135555,135556,135557,135558,135559,135560,135561,135562,135563,135564,135565,135566,135567,135568],"video":""},"yoast_head":"<!-- This site is optimized with the Yoast SEO plugin v24.5 - https:\/\/yoast.com\/wordpress\/plugins\/seo\/ -->\n<title>N7869 - Devetoper<\/title>\n<meta name=\"robots\" content=\"noindex, follow\" \/>\n<meta property=\"og:locale\" content=\"de_DE\" \/>\n<meta property=\"og:type\" content=\"article\" \/>\n<meta property=\"og:title\" content=\"N7869 - Devetoper\" \/>\n<meta property=\"og:description\" content=\"ERSTE MARKTSTADTH\u00c4USER IN FINESTRAT Eine prim\u00e4re Wohnanlage mit Reihenh\u00e4usern und Doppelhaush\u00e4lften in Sierra Cortina, Finestrat. Alle Immobilien werden \u00fcber 3 ger\u00e4umige Schlafzimmer und 3 elegante B\u00e4der verf\u00fcgen, um den Komfort und die Privatsph\u00e4re ihrer Bewohner zu gew\u00e4hrleisten. Das ger\u00e4umige Wohnzimmer mit Essbereich und integrierter moderner K\u00fcche wird das Herz des Hauses sein, in dem Familie...\" \/>\n<meta property=\"og:url\" content=\"https:\/\/devetoper.com\/de\/properties\/n7869-2\/\" \/>\n<meta property=\"og:site_name\" content=\"Devetoper\" \/>\n<meta property=\"article:publisher\" content=\"https:\/\/www.facebook.com\/DEVETOPERCOM\" \/>\n<meta property=\"og:image\" content=\"https:\/\/devetoper.com\/wp-content\/uploads\/2024\/05\/FALLBACK.png\" \/>\n\t<meta property=\"og:image:width\" content=\"1200\" \/>\n\t<meta property=\"og:image:height\" content=\"675\" \/>\n\t<meta property=\"og:image:type\" content=\"image\/png\" \/>\n<meta name=\"twitter:card\" content=\"summary_large_image\" \/>\n<meta name=\"twitter:site\" content=\"@DEVETOPER\" \/>\n<meta name=\"twitter:label1\" content=\"Gesch\u00e4tzte Lesezeit\" \/>\n\t<meta name=\"twitter:data1\" content=\"1 minute\" \/>\n<script type=\"application\/ld+json\" class=\"yoast-schema-graph\">{\"@context\":\"https:\/\/schema.org\",\"@graph\":[{\"@type\":[\"WebPage\",\"RealEstateListing\"],\"@id\":\"https:\/\/devetoper.com\/de\/properties\/n7869-2\/\",\"url\":\"https:\/\/devetoper.com\/de\/properties\/n7869-2\/\",\"name\":\"N7869 - Devetoper\",\"isPartOf\":{\"@id\":\"https:\/\/devetoper.com\/de\/#website\"},\"datePublished\":\"2025-12-29T05:45:54+00:00\",\"breadcrumb\":{\"@id\":\"https:\/\/devetoper.com\/de\/properties\/n7869-2\/#breadcrumb\"},\"inLanguage\":\"de-DE\",\"potentialAction\":[{\"@type\":\"ReadAction\",\"target\":[\"https:\/\/devetoper.com\/de\/properties\/n7869-2\/\"]}]},{\"@type\":\"BreadcrumbList\",\"@id\":\"https:\/\/devetoper.com\/de\/properties\/n7869-2\/#breadcrumb\",\"itemListElement\":[{\"@type\":\"ListItem\",\"position\":1,\"name\":\"Startseite\",\"item\":\"https:\/\/devetoper.com\/de\/\"},{\"@type\":\"ListItem\",\"position\":2,\"name\":\"Properties\",\"item\":\"https:\/\/devetoper.com\/de\/properties\/\"},{\"@type\":\"ListItem\",\"position\":3,\"name\":\"N7869\"}]},{\"@type\":\"WebSite\",\"@id\":\"https:\/\/devetoper.com\/de\/#website\",\"url\":\"https:\/\/devetoper.com\/de\/\",\"name\":\"Devetoper\",\"description\":\"\u041f\u0440\u043e\u0444\u0435\u0441\u0441\u0438\u043e\u043d\u0430\u043b\u0438\u0437\u043c, \u043e\u0431\u0435\u0441\u043f\u0435\u0447\u0438\u0432\u0430\u044e\u0449\u0438\u0439 \u0431\u0435\u0437\u043e\u043f\u0430\u0441\u043d\u043e\u0441\u0442\u044c \u043a\u0430\u0436\u0434\u043e\u0439 \u0442\u0440\u0430\u043d\u0437\u0430\u043a\u0446\u0438\u0438\",\"publisher\":{\"@id\":\"https:\/\/devetoper.com\/de\/#organization\"},\"potentialAction\":[{\"@type\":\"SearchAction\",\"target\":{\"@type\":\"EntryPoint\",\"urlTemplate\":\"https:\/\/devetoper.com\/de\/?s={search_term_string}\"},\"query-input\":{\"@type\":\"PropertyValueSpecification\",\"valueRequired\":true,\"valueName\":\"search_term_string\"}}],\"inLanguage\":\"de-DE\"},{\"@type\":\"Organization\",\"@id\":\"https:\/\/devetoper.com\/de\/#organization\",\"name\":\"Devetoper\",\"url\":\"https:\/\/devetoper.com\/de\/\",\"logo\":{\"@type\":\"ImageObject\",\"inLanguage\":\"de-DE\",\"@id\":\"https:\/\/devetoper.com\/de\/#\/schema\/logo\/image\/\",\"url\":\"https:\/\/devetoper.com\/wp-content\/uploads\/2024\/05\/ORG_FALLBACK.png\",\"contentUrl\":\"https:\/\/devetoper.com\/wp-content\/uploads\/2024\/05\/ORG_FALLBACK.png\",\"width\":696,\"height\":696,\"caption\":\"Devetoper\"},\"image\":{\"@id\":\"https:\/\/devetoper.com\/de\/#\/schema\/logo\/image\/\"},\"sameAs\":[\"https:\/\/www.facebook.com\/DEVETOPERCOM\",\"https:\/\/x.com\/DEVETOPER\",\"https:\/\/www.youtube.com\/channel\/UCRF8haCQIXnFKmW464sqApQ\",\"https:\/\/www.tiktok.com\/@devetoper\",\"https:\/\/www.instagram.com\/devetoper_\/\"]}]}<\/script>\n<!-- \/ Yoast SEO plugin. -->","yoast_head_json":{"title":"N7869 - Devetoper","robots":{"index":"noindex","follow":"follow"},"og_locale":"de_DE","og_type":"article","og_title":"N7869 - Devetoper","og_description":"ERSTE MARKTSTADTH\u00c4USER IN FINESTRAT Eine prim\u00e4re Wohnanlage mit Reihenh\u00e4usern und Doppelhaush\u00e4lften in Sierra Cortina, Finestrat. Alle Immobilien werden \u00fcber 3 ger\u00e4umige Schlafzimmer und 3 elegante B\u00e4der verf\u00fcgen, um den Komfort und die Privatsph\u00e4re ihrer Bewohner zu gew\u00e4hrleisten. Das ger\u00e4umige Wohnzimmer mit Essbereich und integrierter moderner K\u00fcche wird das Herz des Hauses sein, in dem Familie...","og_url":"https:\/\/devetoper.com\/de\/properties\/n7869-2\/","og_site_name":"Devetoper","article_publisher":"https:\/\/www.facebook.com\/DEVETOPERCOM","og_image":[{"width":1200,"height":675,"url":"https:\/\/devetoper.com\/wp-content\/uploads\/2024\/05\/FALLBACK.png","type":"image\/png"}],"twitter_card":"summary_large_image","twitter_site":"@DEVETOPER","twitter_misc":{"Gesch\u00e4tzte Lesezeit":"1 minute"},"schema":{"@context":"https:\/\/schema.org","@graph":[{"@type":["WebPage","RealEstateListing"],"@id":"https:\/\/devetoper.com\/de\/properties\/n7869-2\/","url":"https:\/\/devetoper.com\/de\/properties\/n7869-2\/","name":"N7869 - Devetoper","isPartOf":{"@id":"https:\/\/devetoper.com\/de\/#website"},"datePublished":"2025-12-29T05:45:54+00:00","breadcrumb":{"@id":"https:\/\/devetoper.com\/de\/properties\/n7869-2\/#breadcrumb"},"inLanguage":"de-DE","potentialAction":[{"@type":"ReadAction","target":["https:\/\/devetoper.com\/de\/properties\/n7869-2\/"]}]},{"@type":"BreadcrumbList","@id":"https:\/\/devetoper.com\/de\/properties\/n7869-2\/#breadcrumb","itemListElement":[{"@type":"ListItem","position":1,"name":"Startseite","item":"https:\/\/devetoper.com\/de\/"},{"@type":"ListItem","position":2,"name":"Properties","item":"https:\/\/devetoper.com\/de\/properties\/"},{"@type":"ListItem","position":3,"name":"N7869"}]},{"@type":"WebSite","@id":"https:\/\/devetoper.com\/de\/#website","url":"https:\/\/devetoper.com\/de\/","name":"Devetoper","description":"\u041f\u0440\u043e\u0444\u0435\u0441\u0441\u0438\u043e\u043d\u0430\u043b\u0438\u0437\u043c, \u043e\u0431\u0435\u0441\u043f\u0435\u0447\u0438\u0432\u0430\u044e\u0449\u0438\u0439 \u0431\u0435\u0437\u043e\u043f\u0430\u0441\u043d\u043e\u0441\u0442\u044c \u043a\u0430\u0436\u0434\u043e\u0439 \u0442\u0440\u0430\u043d\u0437\u0430\u043a\u0446\u0438\u0438","publisher":{"@id":"https:\/\/devetoper.com\/de\/#organization"},"potentialAction":[{"@type":"SearchAction","target":{"@type":"EntryPoint","urlTemplate":"https:\/\/devetoper.com\/de\/?s={search_term_string}"},"query-input":{"@type":"PropertyValueSpecification","valueRequired":true,"valueName":"search_term_string"}}],"inLanguage":"de-DE"},{"@type":"Organization","@id":"https:\/\/devetoper.com\/de\/#organization","name":"Devetoper","url":"https:\/\/devetoper.com\/de\/","logo":{"@type":"ImageObject","inLanguage":"de-DE","@id":"https:\/\/devetoper.com\/de\/#\/schema\/logo\/image\/","url":"https:\/\/devetoper.com\/wp-content\/uploads\/2024\/05\/ORG_FALLBACK.png","contentUrl":"https:\/\/devetoper.com\/wp-content\/uploads\/2024\/05\/ORG_FALLBACK.png","width":696,"height":696,"caption":"Devetoper"},"image":{"@id":"https:\/\/devetoper.com\/de\/#\/schema\/logo\/image\/"},"sameAs":["https:\/\/www.facebook.com\/DEVETOPERCOM","https:\/\/x.com\/DEVETOPER","https:\/\/www.youtube.com\/channel\/UCRF8haCQIXnFKmW464sqApQ","https:\/\/www.tiktok.com\/@devetoper","https:\/\/www.instagram.com\/devetoper_\/"]}]}},"taxonomy_info":[],"featured_image_src_large":false,"author_info":{"display_name":"DEVETOPER","author_link":"https:\/\/devetoper.com\/de\/author\/main-agency\/"},"comment_info":"","jetpack_sharing_enabled":true,"_links":{"self":[{"href":"https:\/\/devetoper.com\/de\/wp-json\/wp\/v2\/property\/337532","targetHints":{"allow":["GET"]}}],"collection":[{"href":"https:\/\/devetoper.com\/de\/wp-json\/wp\/v2\/property"}],"about":[{"href":"https:\/\/devetoper.com\/de\/wp-json\/wp\/v2\/types\/property"}],"author":[{"embeddable":true,"href":"https:\/\/devetoper.com\/de\/wp-json\/wp\/v2\/users\/4"}],"version-history":[{"count":0,"href":"https:\/\/devetoper.com\/de\/wp-json\/wp\/v2\/property\/337532\/revisions"}],"acf:attachment":[{"embeddable":true,"href":"https:\/\/devetoper.com\/de\/wp-json\/wp\/v2\/media\/135568"},{"embeddable":true,"href":"https:\/\/devetoper.com\/de\/wp-json\/wp\/v2\/media\/135567"},{"embeddable":true,"href":"https:\/\/devetoper.com\/de\/wp-json\/wp\/v2\/media\/135566"},{"embeddable":true,"href":"https:\/\/devetoper.com\/de\/wp-json\/wp\/v2\/media\/135565"},{"embeddable":true,"href":"https:\/\/devetoper.com\/de\/wp-json\/wp\/v2\/media\/135564"},{"embeddable":true,"href":"https:\/\/devetoper.com\/de\/wp-json\/wp\/v2\/media\/135563"},{"embeddable":true,"href":"https:\/\/devetoper.com\/de\/wp-json\/wp\/v2\/media\/135562"},{"embeddable":true,"href":"https:\/\/devetoper.com\/de\/wp-json\/wp\/v2\/media\/135561"},{"embeddable":true,"href":"https:\/\/devetoper.com\/de\/wp-json\/wp\/v2\/media\/135560"},{"embeddable":true,"href":"https:\/\/devetoper.com\/de\/wp-json\/wp\/v2\/media\/135559"},{"embeddable":true,"href":"https:\/\/devetoper.com\/de\/wp-json\/wp\/v2\/media\/135558"},{"embeddable":true,"href":"https:\/\/devetoper.com\/de\/wp-json\/wp\/v2\/media\/135557"},{"embeddable":true,"href":"https:\/\/devetoper.com\/de\/wp-json\/wp\/v2\/media\/135556"},{"embeddable":true,"href":"https:\/\/devetoper.com\/de\/wp-json\/wp\/v2\/media\/135555"},{"embeddable":true,"href":"https:\/\/devetoper.com\/de\/wp-json\/wp\/v2\/media\/135554"}],"wp:attachment":[{"href":"https:\/\/devetoper.com\/de\/wp-json\/wp\/v2\/media?parent=337532"}],"wp:term":[{"taxonomy":"category","embeddable":true,"href":"https:\/\/devetoper.com\/de\/wp-json\/wp\/v2\/categories?post=337532"},{"taxonomy":"post_tag","embeddable":true,"href":"https:\/\/devetoper.com\/de\/wp-json\/wp\/v2\/tags?post=337532"}],"curies":[{"name":"wp","href":"https:\/\/api.w.org\/{rel}","templated":true}]}}

<p>ERSTE MARKTSTADTHÄUSER IN FINESTRAT Eine primäre Wohnanlage mit Reihenhäusern und Doppelhaushälften in Sierra Cortina, Finestrat. Alle Immobilien werden über 3 geräumige Schlafzimmer und 3 elegante Bäder verfügen, um den Komfort und die Privatsphäre ihrer Bewohner zu gewährleisten. Das geräumige Wohnzimmer mit Essbereich und integrierter moderner Küche wird das Herz des Hauses sein, in dem Familie und Freunde zusammenkommen und unvergessliche Momente genießen können. Darüber hinaus wird das Haus mit einer Klimaanlage ausgestattet sein. Modernste Technologie wird ein wichtiges Merkmal dieses Hauses sein, da es mit einem fortschrittlichen Hausautomatisierungssystem voll automatisiert sein wird. Von der Beleuchtungssteuerung bis zum Sicherheitsmanagement haben Sie alles im Griff. Der private Garten wird eine Oase der Ruhe sein, in der Sie sich entspannen und die Natur genießen können. Darüber hinaus verfügt die Immobilie über einen beeindruckenden Gemeinschaftspool, der ideal ist, um sich abzukühlen und sich mit den Nachbarn zu treffen, sowie über einen Kinderspielplatz. Die Neubauprojekte bieten komfortablen und funktionalen Platz für die ganze Familie. Sie verfügen außerdem über einen privaten Parkplatz, der zusätzlichen Komfort bietet. Kurzum, diese brandneuen Immobilien in Sierra Cortina sind der perfekte Wohnsitz für alle, die einen komfortablen und luxuriösen Lebensstil suchen. Diese atemberaubenden, neu gebauten Immobilien befinden sich in der exklusiven Urbanisation Sierra Cortina, nur 5 Minuten von Benidorm entfernt.</p>

<p>ERSTE MARKTSTADTHÄUSER IN FINESTRAT Eine primäre Wohnanlage mit Reihenhäusern und Doppelhaushälften in Sierra Cortina, Finestrat. Alle Immobilien werden über 3 geräumige Schlafzimmer und 3 elegante Bäder verfügen, um den Komfort und die Privatsphäre ihrer Bewohner zu gewährleisten. Das geräumige Wohnzimmer mit Essbereich und integrierter moderner Küche wird das Herz des Hauses sein, in dem Familie&#8230;</p>

<!-- This site is optimized with the Yoast SEO plugin v24.5 - https://yoast.com/wordpress/plugins/seo/ -->
<title>N7869 - Devetoper</title>
<meta name="robots" content="noindex, follow" />
<meta property="og:locale" content="de_DE" />
<meta property="og:type" content="article" />
<meta property="og:title" content="N7869 - Devetoper" />
<meta property="og:description" content="ERSTE MARKTSTADTHÄUSER IN FINESTRAT Eine primäre Wohnanlage mit Reihenhäusern und Doppelhaushälften in Sierra Cortina, Finestrat. Alle Immobilien werden über 3 geräumige Schlafzimmer und 3 elegante Bäder verfügen, um den Komfort und die Privatsphäre ihrer Bewohner zu gewährleisten. Das geräumige Wohnzimmer mit Essbereich und integrierter moderner Küche wird das Herz des Hauses sein, in dem Familie..." />
<meta property="og:url" content="https://devetoper.com/de/properties/n7869-2/" />
<meta property="og:site_name" content="Devetoper" />
<meta property="article:publisher" content="https://www.facebook.com/DEVETOPERCOM" />
<meta property="og:image" content="https://devetoper.com/wp-content/uploads/2024/05/FALLBACK.png" />
	<meta property="og:image:width" content="1200" />
	<meta property="og:image:height" content="675" />
	<meta property="og:image:type" content="image/png" />
<meta name="twitter:card" content="summary_large_image" />
<meta name="twitter:site" content="@DEVETOPER" />
<meta name="twitter:label1" content="Geschätzte Lesezeit" />
	<meta name="twitter:data1" content="1 minute" />
<script type="application/ld+json" class="yoast-schema-graph">{"@context":"https://schema.org","@graph":[{"@type":["WebPage","RealEstateListing"],"@id":"https://devetoper.com/de/properties/n7869-2/","url":"https://devetoper.com/de/properties/n7869-2/","name":"N7869 - Devetoper","isPartOf":{"@id":"https://devetoper.com/de/#website"},"datePublished":"2025-12-29T05:45:54+00:00","breadcrumb":{"@id":"https://devetoper.com/de/properties/n7869-2/#breadcrumb"},"inLanguage":"de-DE","potentialAction":[{"@type":"ReadAction","target":["https://devetoper.com/de/properties/n7869-2/"]}]},{"@type":"BreadcrumbList","@id":"https://devetoper.com/de/properties/n7869-2/#breadcrumb","itemListElement":[{"@type":"ListItem","position":1,"name":"Startseite","item":"https://devetoper.com/de/"},{"@type":"ListItem","position":2,"name":"Properties","item":"https://devetoper.com/de/properties/"},{"@type":"ListItem","position":3,"name":"N7869"}]},{"@type":"WebSite","@id":"https://devetoper.com/de/#website","url":"https://devetoper.com/de/","name":"Devetoper","description":"Профессионализм, обеспечивающий безопасность каждой транзакции","publisher":{"@id":"https://devetoper.com/de/#organization"},"potentialAction":[{"@type":"SearchAction","target":{"@type":"EntryPoint","urlTemplate":"https://devetoper.com/de/?s={search_term_string}"},"query-input":{"@type":"PropertyValueSpecification","valueRequired":true,"valueName":"search_term_string"}}],"inLanguage":"de-DE"},{"@type":"Organization","@id":"https://devetoper.com/de/#organization","name":"Devetoper","url":"https://devetoper.com/de/","logo":{"@type":"ImageObject","inLanguage":"de-DE","@id":"https://devetoper.com/de/#/schema/logo/image/","url":"https://devetoper.com/wp-content/uploads/2024/05/ORG_FALLBACK.png","contentUrl":"https://devetoper.com/wp-content/uploads/2024/05/ORG_FALLBACK.png","width":696,"height":696,"caption":"Devetoper"},"image":{"@id":"https://devetoper.com/de/#/schema/logo/image/"},"sameAs":["https://www.facebook.com/DEVETOPERCOM","https://x.com/DEVETOPER","https://www.youtube.com/channel/UCRF8haCQIXnFKmW464sqApQ","https://www.tiktok.com/@devetoper","https://www.instagram.com/devetoper_/"]}]}</script>
<!-- / Yoast SEO plugin. -->

ERSTE MARKTSTADTHÄUSER IN FINESTRAT Eine primäre Wohnanlage mit Reihenhäusern und Doppelhaushälften in Sierra Cortina, Finestrat. Alle Immobilien werden über 3 geräumige Schlafzimmer und 3 elegante Bäder verfügen, um den Komfort und die Privatsphäre ihrer Bewohner zu gewährleisten. Das geräumige Wohnzimmer mit Essbereich und integrierter moderner Küche wird das Herz des Hauses sein, in dem Familie...

Профессионализм, обеспечивающий безопасность каждой транзакции
