{"id":342231,"date":"2026-01-12T02:41:38","date_gmt":"2026-01-12T01:41:38","guid":{"rendered":"https:\/\/devetoper.com\/properties\/mne-034\/"},"modified":"2026-01-12T02:41:38","modified_gmt":"2026-01-12T01:41:38","slug":"mne-034","status":"publish","type":"property","link":"https:\/\/devetoper.com\/de\/properties\/mne-034\/","title":{"rendered":"MNE-034"},"content":{"rendered":"<p data-start=\"170\" data-end=\"333\">Zum Verkauf steht <strong data-start=\"193\" data-end=\"243\">eine<\/strong> komfortable <strong data-start=\"193\" data-end=\"243\">2-Zimmer-Wohnung mit einer Fl\u00e4che von 61 m\u00b2<\/strong> in <strong data-start=\"269\" data-end=\"278\">Seoce<\/strong>, in der Region <strong data-start=\"290\" data-end=\"299\">Budva<\/strong>, mit <strong data-start=\"303\" data-end=\"332\">wundersch\u00f6nem Meerblick<\/strong>.<\/p>\n<p data-start=\"335\" data-end=\"623\">Die Wohnung wurde in einem funktionalen Layout entworfen, das sich sowohl f\u00fcr <strong data-start=\"415\" data-end=\"436\">den privaten Gebrauch<\/strong> als auch f\u00fcr <strong data-start=\"444\" data-end=\"473\">die kurzfristige Vermietung<\/strong> eignet. Das ger\u00e4umige Wohnzimmer mit K\u00fcchenzeile bildet den zentralen Teil der Wohnung und f\u00fchrt direkt auf <strong data-start=\"576\" data-end=\"622\">die Terrasse mit Panoramablick auf die Adria<\/strong>.<\/p>\n<p data-start=\"625\" data-end=\"883\">Zwei separate Schlafzimmer bieten Komfort f\u00fcr Familie oder G\u00e4ste, und das Badezimmer ist praktisch gestaltet, sodass es bequem von mehreren Personen genutzt werden kann. Dank der gro\u00dfen Fensterfronten ist der Innenraum <strong data-start=\"839\" data-end=\"882\">hell, gut beleuchtet und ger\u00e4umig<\/strong>.<\/p>\n<p data-start=\"885\" data-end=\"1162\">Die Lage in Seoca garantiert <strong data-start=\"916\" data-end=\"939\">Ruhe und Privatsph\u00e4re<\/strong> und bietet gleichzeitig eine schnelle Anbindung an das Zentrum von Budva, die Str\u00e4nde, Restaurants und die gesamte touristische Infrastruktur. Es ist ein ausgezeichnetes Angebot f\u00fcr diejenigen, die <strong data-start=\"1104\" data-end=\"1161\">eine Immobilie mit Meerblick zu einem attraktiven Preis<\/strong> suchen.<\/p>\n","protected":false},"excerpt":{"rendered":"<p>Zum Verkauf steht eine komfortable 2-Zimmer-Wohnung mit einer Fl\u00e4che von 61 m\u00b2 in Seoce, in der Region Budva, mit wundersch\u00f6nem Meerblick. Die Wohnung wurde in einem funktionalen Layout entworfen, das sich sowohl f\u00fcr den privaten Gebrauch als auch f\u00fcr die kurzfristige Vermietung eignet. Das ger\u00e4umige Wohnzimmer mit K\u00fcchenzeile bildet den zentralen Teil der Wohnung und&#8230;<\/p>\n","protected":false},"author":1156,"featured_media":0,"menu_order":0,"template":"","meta":{"_acf_changed":false,"_kad_blocks_custom_css":"","_kad_blocks_head_custom_js":"","_kad_blocks_body_custom_js":"","_kad_blocks_footer_custom_js":"","_kad_post_transparent":"","_kad_post_title":"","_kad_post_layout":"","_kad_post_sidebar_id":"","_kad_post_content_style":"","_kad_post_vertical_padding":"","_kad_post_feature":"","_kad_post_feature_position":"","_kad_post_header":false,"_kad_post_footer":false,"_joinchat":[],"footnotes":""},"categories":[],"tags":[],"class_list":["post-342231","property","type-property","status-publish","hentry"],"acf":{"add_photos":[341818,341814,341815,341816,341817],"video":""},"yoast_head":"<!-- This site is optimized with the Yoast SEO plugin v24.5 - https:\/\/yoast.com\/wordpress\/plugins\/seo\/ -->\n<title>MNE-034 - Devetoper<\/title>\n<meta name=\"robots\" content=\"noindex, follow\" \/>\n<meta property=\"og:locale\" content=\"de_DE\" \/>\n<meta property=\"og:type\" content=\"article\" \/>\n<meta property=\"og:title\" content=\"MNE-034 - Devetoper\" \/>\n<meta property=\"og:description\" content=\"Zum Verkauf steht eine komfortable 2-Zimmer-Wohnung mit einer Fl\u00e4che von 61 m\u00b2 in Seoce, in der Region Budva, mit wundersch\u00f6nem Meerblick. Die Wohnung wurde in einem funktionalen Layout entworfen, das sich sowohl f\u00fcr den privaten Gebrauch als auch f\u00fcr die kurzfristige Vermietung eignet. Das ger\u00e4umige Wohnzimmer mit K\u00fcchenzeile bildet den zentralen Teil der Wohnung und...\" \/>\n<meta property=\"og:url\" content=\"https:\/\/devetoper.com\/de\/properties\/mne-034\/\" \/>\n<meta property=\"og:site_name\" content=\"Devetoper\" \/>\n<meta property=\"article:publisher\" content=\"https:\/\/www.facebook.com\/DEVETOPERCOM\" \/>\n<meta property=\"og:image\" content=\"https:\/\/devetoper.com\/wp-content\/uploads\/2024\/05\/FALLBACK.png\" \/>\n\t<meta property=\"og:image:width\" content=\"1200\" \/>\n\t<meta property=\"og:image:height\" content=\"675\" \/>\n\t<meta property=\"og:image:type\" content=\"image\/png\" \/>\n<meta name=\"twitter:card\" content=\"summary_large_image\" \/>\n<meta name=\"twitter:site\" content=\"@DEVETOPER\" \/>\n<meta name=\"twitter:label1\" content=\"Gesch\u00e4tzte Lesezeit\" \/>\n\t<meta name=\"twitter:data1\" content=\"1 minute\" \/>\n<script type=\"application\/ld+json\" class=\"yoast-schema-graph\">{\"@context\":\"https:\/\/schema.org\",\"@graph\":[{\"@type\":[\"WebPage\",\"RealEstateListing\"],\"@id\":\"https:\/\/devetoper.com\/de\/properties\/mne-034\/\",\"url\":\"https:\/\/devetoper.com\/de\/properties\/mne-034\/\",\"name\":\"MNE-034 - Devetoper\",\"isPartOf\":{\"@id\":\"https:\/\/devetoper.com\/de\/#website\"},\"datePublished\":\"2026-01-12T01:41:38+00:00\",\"breadcrumb\":{\"@id\":\"https:\/\/devetoper.com\/de\/properties\/mne-034\/#breadcrumb\"},\"inLanguage\":\"de-DE\",\"potentialAction\":[{\"@type\":\"ReadAction\",\"target\":[\"https:\/\/devetoper.com\/de\/properties\/mne-034\/\"]}]},{\"@type\":\"BreadcrumbList\",\"@id\":\"https:\/\/devetoper.com\/de\/properties\/mne-034\/#breadcrumb\",\"itemListElement\":[{\"@type\":\"ListItem\",\"position\":1,\"name\":\"Startseite\",\"item\":\"https:\/\/devetoper.com\/de\/\"},{\"@type\":\"ListItem\",\"position\":2,\"name\":\"Properties\",\"item\":\"https:\/\/devetoper.com\/de\/properties\/\"},{\"@type\":\"ListItem\",\"position\":3,\"name\":\"MNE-034\"}]},{\"@type\":\"WebSite\",\"@id\":\"https:\/\/devetoper.com\/de\/#website\",\"url\":\"https:\/\/devetoper.com\/de\/\",\"name\":\"Devetoper\",\"description\":\"\u041f\u0440\u043e\u0444\u0435\u0441\u0441\u0438\u043e\u043d\u0430\u043b\u0438\u0437\u043c, \u043e\u0431\u0435\u0441\u043f\u0435\u0447\u0438\u0432\u0430\u044e\u0449\u0438\u0439 \u0431\u0435\u0437\u043e\u043f\u0430\u0441\u043d\u043e\u0441\u0442\u044c \u043a\u0430\u0436\u0434\u043e\u0439 \u0442\u0440\u0430\u043d\u0437\u0430\u043a\u0446\u0438\u0438\",\"publisher\":{\"@id\":\"https:\/\/devetoper.com\/de\/#organization\"},\"potentialAction\":[{\"@type\":\"SearchAction\",\"target\":{\"@type\":\"EntryPoint\",\"urlTemplate\":\"https:\/\/devetoper.com\/de\/?s={search_term_string}\"},\"query-input\":{\"@type\":\"PropertyValueSpecification\",\"valueRequired\":true,\"valueName\":\"search_term_string\"}}],\"inLanguage\":\"de-DE\"},{\"@type\":\"Organization\",\"@id\":\"https:\/\/devetoper.com\/de\/#organization\",\"name\":\"Devetoper\",\"url\":\"https:\/\/devetoper.com\/de\/\",\"logo\":{\"@type\":\"ImageObject\",\"inLanguage\":\"de-DE\",\"@id\":\"https:\/\/devetoper.com\/de\/#\/schema\/logo\/image\/\",\"url\":\"https:\/\/devetoper.com\/wp-content\/uploads\/2024\/05\/ORG_FALLBACK.png\",\"contentUrl\":\"https:\/\/devetoper.com\/wp-content\/uploads\/2024\/05\/ORG_FALLBACK.png\",\"width\":696,\"height\":696,\"caption\":\"Devetoper\"},\"image\":{\"@id\":\"https:\/\/devetoper.com\/de\/#\/schema\/logo\/image\/\"},\"sameAs\":[\"https:\/\/www.facebook.com\/DEVETOPERCOM\",\"https:\/\/x.com\/DEVETOPER\",\"https:\/\/www.youtube.com\/channel\/UCRF8haCQIXnFKmW464sqApQ\",\"https:\/\/www.tiktok.com\/@devetoper\",\"https:\/\/www.instagram.com\/devetoper_\/\"]}]}<\/script>\n<!-- \/ Yoast SEO plugin. -->","yoast_head_json":{"title":"MNE-034 - Devetoper","robots":{"index":"noindex","follow":"follow"},"og_locale":"de_DE","og_type":"article","og_title":"MNE-034 - Devetoper","og_description":"Zum Verkauf steht eine komfortable 2-Zimmer-Wohnung mit einer Fl\u00e4che von 61 m\u00b2 in Seoce, in der Region Budva, mit wundersch\u00f6nem Meerblick. Die Wohnung wurde in einem funktionalen Layout entworfen, das sich sowohl f\u00fcr den privaten Gebrauch als auch f\u00fcr die kurzfristige Vermietung eignet. Das ger\u00e4umige Wohnzimmer mit K\u00fcchenzeile bildet den zentralen Teil der Wohnung und...","og_url":"https:\/\/devetoper.com\/de\/properties\/mne-034\/","og_site_name":"Devetoper","article_publisher":"https:\/\/www.facebook.com\/DEVETOPERCOM","og_image":[{"width":1200,"height":675,"url":"https:\/\/devetoper.com\/wp-content\/uploads\/2024\/05\/FALLBACK.png","type":"image\/png"}],"twitter_card":"summary_large_image","twitter_site":"@DEVETOPER","twitter_misc":{"Gesch\u00e4tzte Lesezeit":"1 minute"},"schema":{"@context":"https:\/\/schema.org","@graph":[{"@type":["WebPage","RealEstateListing"],"@id":"https:\/\/devetoper.com\/de\/properties\/mne-034\/","url":"https:\/\/devetoper.com\/de\/properties\/mne-034\/","name":"MNE-034 - Devetoper","isPartOf":{"@id":"https:\/\/devetoper.com\/de\/#website"},"datePublished":"2026-01-12T01:41:38+00:00","breadcrumb":{"@id":"https:\/\/devetoper.com\/de\/properties\/mne-034\/#breadcrumb"},"inLanguage":"de-DE","potentialAction":[{"@type":"ReadAction","target":["https:\/\/devetoper.com\/de\/properties\/mne-034\/"]}]},{"@type":"BreadcrumbList","@id":"https:\/\/devetoper.com\/de\/properties\/mne-034\/#breadcrumb","itemListElement":[{"@type":"ListItem","position":1,"name":"Startseite","item":"https:\/\/devetoper.com\/de\/"},{"@type":"ListItem","position":2,"name":"Properties","item":"https:\/\/devetoper.com\/de\/properties\/"},{"@type":"ListItem","position":3,"name":"MNE-034"}]},{"@type":"WebSite","@id":"https:\/\/devetoper.com\/de\/#website","url":"https:\/\/devetoper.com\/de\/","name":"Devetoper","description":"\u041f\u0440\u043e\u0444\u0435\u0441\u0441\u0438\u043e\u043d\u0430\u043b\u0438\u0437\u043c, \u043e\u0431\u0435\u0441\u043f\u0435\u0447\u0438\u0432\u0430\u044e\u0449\u0438\u0439 \u0431\u0435\u0437\u043e\u043f\u0430\u0441\u043d\u043e\u0441\u0442\u044c \u043a\u0430\u0436\u0434\u043e\u0439 \u0442\u0440\u0430\u043d\u0437\u0430\u043a\u0446\u0438\u0438","publisher":{"@id":"https:\/\/devetoper.com\/de\/#organization"},"potentialAction":[{"@type":"SearchAction","target":{"@type":"EntryPoint","urlTemplate":"https:\/\/devetoper.com\/de\/?s={search_term_string}"},"query-input":{"@type":"PropertyValueSpecification","valueRequired":true,"valueName":"search_term_string"}}],"inLanguage":"de-DE"},{"@type":"Organization","@id":"https:\/\/devetoper.com\/de\/#organization","name":"Devetoper","url":"https:\/\/devetoper.com\/de\/","logo":{"@type":"ImageObject","inLanguage":"de-DE","@id":"https:\/\/devetoper.com\/de\/#\/schema\/logo\/image\/","url":"https:\/\/devetoper.com\/wp-content\/uploads\/2024\/05\/ORG_FALLBACK.png","contentUrl":"https:\/\/devetoper.com\/wp-content\/uploads\/2024\/05\/ORG_FALLBACK.png","width":696,"height":696,"caption":"Devetoper"},"image":{"@id":"https:\/\/devetoper.com\/de\/#\/schema\/logo\/image\/"},"sameAs":["https:\/\/www.facebook.com\/DEVETOPERCOM","https:\/\/x.com\/DEVETOPER","https:\/\/www.youtube.com\/channel\/UCRF8haCQIXnFKmW464sqApQ","https:\/\/www.tiktok.com\/@devetoper","https:\/\/www.instagram.com\/devetoper_\/"]}]}},"taxonomy_info":[],"featured_image_src_large":false,"author_info":{"display_name":"DEVETOPER","author_link":"https:\/\/devetoper.com\/de\/author\/devetoper\/"},"comment_info":"","jetpack_sharing_enabled":true,"_links":{"self":[{"href":"https:\/\/devetoper.com\/de\/wp-json\/wp\/v2\/property\/342231","targetHints":{"allow":["GET"]}}],"collection":[{"href":"https:\/\/devetoper.com\/de\/wp-json\/wp\/v2\/property"}],"about":[{"href":"https:\/\/devetoper.com\/de\/wp-json\/wp\/v2\/types\/property"}],"author":[{"embeddable":true,"href":"https:\/\/devetoper.com\/de\/wp-json\/wp\/v2\/users\/1156"}],"version-history":[{"count":0,"href":"https:\/\/devetoper.com\/de\/wp-json\/wp\/v2\/property\/342231\/revisions"}],"acf:attachment":[{"embeddable":true,"href":"https:\/\/devetoper.com\/de\/wp-json\/wp\/v2\/media\/341817"},{"embeddable":true,"href":"https:\/\/devetoper.com\/de\/wp-json\/wp\/v2\/media\/341816"},{"embeddable":true,"href":"https:\/\/devetoper.com\/de\/wp-json\/wp\/v2\/media\/341815"},{"embeddable":true,"href":"https:\/\/devetoper.com\/de\/wp-json\/wp\/v2\/media\/341814"},{"embeddable":true,"href":"https:\/\/devetoper.com\/de\/wp-json\/wp\/v2\/media\/341818"}],"wp:attachment":[{"href":"https:\/\/devetoper.com\/de\/wp-json\/wp\/v2\/media?parent=342231"}],"wp:term":[{"taxonomy":"category","embeddable":true,"href":"https:\/\/devetoper.com\/de\/wp-json\/wp\/v2\/categories?post=342231"},{"taxonomy":"post_tag","embeddable":true,"href":"https:\/\/devetoper.com\/de\/wp-json\/wp\/v2\/tags?post=342231"}],"curies":[{"name":"wp","href":"https:\/\/api.w.org\/{rel}","templated":true}]}}

<p data-start="170" data-end="333">Zum Verkauf steht <strong data-start="193" data-end="243">eine</strong> komfortable <strong data-start="193" data-end="243">2-Zimmer-Wohnung mit einer Fläche von 61 m²</strong> in <strong data-start="269" data-end="278">Seoce</strong>, in der Region <strong data-start="290" data-end="299">Budva</strong>, mit <strong data-start="303" data-end="332">wunderschönem Meerblick</strong>.</p>
<p data-start="335" data-end="623">Die Wohnung wurde in einem funktionalen Layout entworfen, das sich sowohl für <strong data-start="415" data-end="436">den privaten Gebrauch</strong> als auch für <strong data-start="444" data-end="473">die kurzfristige Vermietung</strong> eignet. Das geräumige Wohnzimmer mit Küchenzeile bildet den zentralen Teil der Wohnung und führt direkt auf <strong data-start="576" data-end="622">die Terrasse mit Panoramablick auf die Adria</strong>.</p>
<p data-start="625" data-end="883">Zwei separate Schlafzimmer bieten Komfort für Familie oder Gäste, und das Badezimmer ist praktisch gestaltet, sodass es bequem von mehreren Personen genutzt werden kann. Dank der großen Fensterfronten ist der Innenraum <strong data-start="839" data-end="882">hell, gut beleuchtet und geräumig</strong>.</p>
<p data-start="885" data-end="1162">Die Lage in Seoca garantiert <strong data-start="916" data-end="939">Ruhe und Privatsphäre</strong> und bietet gleichzeitig eine schnelle Anbindung an das Zentrum von Budva, die Strände, Restaurants und die gesamte touristische Infrastruktur. Es ist ein ausgezeichnetes Angebot für diejenigen, die <strong data-start="1104" data-end="1161">eine Immobilie mit Meerblick zu einem attraktiven Preis</strong> suchen.</p>

<p>Zum Verkauf steht eine komfortable 2-Zimmer-Wohnung mit einer Fläche von 61 m² in Seoce, in der Region Budva, mit wunderschönem Meerblick. Die Wohnung wurde in einem funktionalen Layout entworfen, das sich sowohl für den privaten Gebrauch als auch für die kurzfristige Vermietung eignet. Das geräumige Wohnzimmer mit Küchenzeile bildet den zentralen Teil der Wohnung und&#8230;</p>

<!-- This site is optimized with the Yoast SEO plugin v24.5 - https://yoast.com/wordpress/plugins/seo/ -->
<title>MNE-034 - Devetoper</title>
<meta name="robots" content="noindex, follow" />
<meta property="og:locale" content="de_DE" />
<meta property="og:type" content="article" />
<meta property="og:title" content="MNE-034 - Devetoper" />
<meta property="og:description" content="Zum Verkauf steht eine komfortable 2-Zimmer-Wohnung mit einer Fläche von 61 m² in Seoce, in der Region Budva, mit wunderschönem Meerblick. Die Wohnung wurde in einem funktionalen Layout entworfen, das sich sowohl für den privaten Gebrauch als auch für die kurzfristige Vermietung eignet. Das geräumige Wohnzimmer mit Küchenzeile bildet den zentralen Teil der Wohnung und..." />
<meta property="og:url" content="https://devetoper.com/de/properties/mne-034/" />
<meta property="og:site_name" content="Devetoper" />
<meta property="article:publisher" content="https://www.facebook.com/DEVETOPERCOM" />
<meta property="og:image" content="https://devetoper.com/wp-content/uploads/2024/05/FALLBACK.png" />
	<meta property="og:image:width" content="1200" />
	<meta property="og:image:height" content="675" />
	<meta property="og:image:type" content="image/png" />
<meta name="twitter:card" content="summary_large_image" />
<meta name="twitter:site" content="@DEVETOPER" />
<meta name="twitter:label1" content="Geschätzte Lesezeit" />
	<meta name="twitter:data1" content="1 minute" />
<script type="application/ld+json" class="yoast-schema-graph">{"@context":"https://schema.org","@graph":[{"@type":["WebPage","RealEstateListing"],"@id":"https://devetoper.com/de/properties/mne-034/","url":"https://devetoper.com/de/properties/mne-034/","name":"MNE-034 - Devetoper","isPartOf":{"@id":"https://devetoper.com/de/#website"},"datePublished":"2026-01-12T01:41:38+00:00","breadcrumb":{"@id":"https://devetoper.com/de/properties/mne-034/#breadcrumb"},"inLanguage":"de-DE","potentialAction":[{"@type":"ReadAction","target":["https://devetoper.com/de/properties/mne-034/"]}]},{"@type":"BreadcrumbList","@id":"https://devetoper.com/de/properties/mne-034/#breadcrumb","itemListElement":[{"@type":"ListItem","position":1,"name":"Startseite","item":"https://devetoper.com/de/"},{"@type":"ListItem","position":2,"name":"Properties","item":"https://devetoper.com/de/properties/"},{"@type":"ListItem","position":3,"name":"MNE-034"}]},{"@type":"WebSite","@id":"https://devetoper.com/de/#website","url":"https://devetoper.com/de/","name":"Devetoper","description":"Профессионализм, обеспечивающий безопасность каждой транзакции","publisher":{"@id":"https://devetoper.com/de/#organization"},"potentialAction":[{"@type":"SearchAction","target":{"@type":"EntryPoint","urlTemplate":"https://devetoper.com/de/?s={search_term_string}"},"query-input":{"@type":"PropertyValueSpecification","valueRequired":true,"valueName":"search_term_string"}}],"inLanguage":"de-DE"},{"@type":"Organization","@id":"https://devetoper.com/de/#organization","name":"Devetoper","url":"https://devetoper.com/de/","logo":{"@type":"ImageObject","inLanguage":"de-DE","@id":"https://devetoper.com/de/#/schema/logo/image/","url":"https://devetoper.com/wp-content/uploads/2024/05/ORG_FALLBACK.png","contentUrl":"https://devetoper.com/wp-content/uploads/2024/05/ORG_FALLBACK.png","width":696,"height":696,"caption":"Devetoper"},"image":{"@id":"https://devetoper.com/de/#/schema/logo/image/"},"sameAs":["https://www.facebook.com/DEVETOPERCOM","https://x.com/DEVETOPER","https://www.youtube.com/channel/UCRF8haCQIXnFKmW464sqApQ","https://www.tiktok.com/@devetoper","https://www.instagram.com/devetoper_/"]}]}</script>
<!-- / Yoast SEO plugin. -->

Zum Verkauf steht eine komfortable 2-Zimmer-Wohnung mit einer Fläche von 61 m² in Seoce, in der Region Budva, mit wunderschönem Meerblick. Die Wohnung wurde in einem funktionalen Layout entworfen, das sich sowohl für den privaten Gebrauch als auch für die kurzfristige Vermietung eignet. Das geräumige Wohnzimmer mit Küchenzeile bildet den zentralen Teil der Wohnung und...

Профессионализм, обеспечивающий безопасность каждой транзакции
