{"id":357801,"date":"2026-02-10T07:07:34","date_gmt":"2026-02-10T06:07:34","guid":{"rendered":"https:\/\/devetoper.com\/properties\/his265\/"},"modified":"2026-02-10T07:07:34","modified_gmt":"2026-02-10T06:07:34","slug":"his265","status":"publish","type":"property","link":"https:\/\/devetoper.com\/de\/properties\/his265\/","title":{"rendered":"HIS265"},"content":{"rendered":"<p>\ud83c\udf1f Residencial La Gran Manzana \u2013 BLOQUE 2<\/p>\n<p>\ud83c\udfd7\ufe0f \u00daltima fase en construcci\u00f3n \u2014 \u00daltimas viviendas a la venta<\/p>\n<p>\u00a0<\/p>\n<p>La Gran Manzana geht in seine f\u00fcnfte und letzte Phase und schlie\u00dft damit eines der au\u00dfergew\u00f6hnlichsten und umfassendsten Bauprojekte in Cartagena ab. Dieses Projekt hat das Leben in diesem Teil der Stadt v\u00f6llig ver\u00e4ndert \u2013 modern, funktional und auf den Komfort der Bewohner ausgelegt.<\/p>\n<p>\u00a0<\/p>\n<p>\ud83c\udfe1 Wohnungen mit 2, 3 und 4 Schlafzimmern<\/p>\n<p>\u2600\ufe0f Gro\u00dfe Terrassen<\/p>\n<p>\u2728 Intelligente Grundrisse und modernes Design<\/p>\n<p>\ud83c\udf31 Energieeffizienz und hochwertige Ausstattung<\/p>\n<p>\u00a0<\/p>\n<p>Jede Wohnung wurde so gestaltet, dass sie den Innen- und Au\u00dfenbereich miteinander verbindet: Die Terrassen werden zu einer nat\u00fcrlichen Erweiterung des Wohnzimmers \u2013 ideal f\u00fcr ein Fr\u00fchst\u00fcck in der Sonne, zum Arbeiten im Freien, zum Entspannen oder f\u00fcr Treffen mit Freunden und Familie.<\/p>\n<p>\u00a0<\/p>\n<p>Es ist nicht nur ein Zuhause. Es ist ein neuer Lebensstil in einem der sich am schnellsten entwickelnden Teile von Cartagena \u2013 Sierra Minera.<\/p>\n<p>\u00a0<\/p>\n<p>\ud83d\udccd Letzte verf\u00fcgbare Einheiten \u2013 Bau im Gange!<\/p>\n<p>\ud83d\udcde Kontaktieren Sie uns oder vereinbaren Sie einen Besichtigungstermin. Wir zeigen Ihnen gerne den Ort, an dem Ihr neues Leben beginnen kann.<\/p>\n<p>\ud83d\udc49 Kaufen Sie sicher und professionell \u00fcber die Devetoper-Plattform.<\/p>\n<p>\u00a0<\/p>\n","protected":false},"excerpt":{"rendered":"<p>\ud83c\udf1f Residencial La Gran Manzana \u2013 BLOQUE 2 \ud83c\udfd7\ufe0f \u00daltima fase en construcci\u00f3n \u2014 \u00daltimas viviendas a la venta La Gran Manzana geht in seine f\u00fcnfte und letzte Phase und schlie\u00dft damit eines der au\u00dfergew\u00f6hnlichsten und umfassendsten Bauprojekte in Cartagena ab. Dieses Projekt hat das Leben in diesem Teil der Stadt v\u00f6llig ver\u00e4ndert \u2013&#8230;<\/p>\n","protected":false},"author":1156,"featured_media":0,"menu_order":0,"template":"","meta":{"_acf_changed":false,"_kad_blocks_custom_css":"","_kad_blocks_head_custom_js":"","_kad_blocks_body_custom_js":"","_kad_blocks_footer_custom_js":"","_kad_post_transparent":"","_kad_post_title":"","_kad_post_layout":"","_kad_post_sidebar_id":"","_kad_post_content_style":"","_kad_post_vertical_padding":"","_kad_post_feature":"","_kad_post_feature_position":"","_kad_post_header":false,"_kad_post_footer":false,"_joinchat":[],"footnotes":""},"categories":[],"tags":[],"class_list":["post-357801","property","type-property","status-publish","hentry"],"acf":{"add_photos":[318127,318130,318129,318131,318128],"video":""},"yoast_head":"<!-- This site is optimized with the Yoast SEO plugin v24.5 - https:\/\/yoast.com\/wordpress\/plugins\/seo\/ -->\n<title>HIS265 - Devetoper<\/title>\n<meta name=\"robots\" content=\"noindex, follow\" \/>\n<meta property=\"og:locale\" content=\"de_DE\" \/>\n<meta property=\"og:type\" content=\"article\" \/>\n<meta property=\"og:title\" content=\"HIS265 - Devetoper\" \/>\n<meta property=\"og:description\" content=\"\ud83c\udf1f Residencial La Gran Manzana \u2013 BLOQUE 2 \ud83c\udfd7\ufe0f \u00daltima fase en construcci\u00f3n \u2014 \u00daltimas viviendas a la venta La Gran Manzana geht in seine f\u00fcnfte und letzte Phase und schlie\u00dft damit eines der au\u00dfergew\u00f6hnlichsten und umfassendsten Bauprojekte in Cartagena ab. Dieses Projekt hat das Leben in diesem Teil der Stadt v\u00f6llig ver\u00e4ndert \u2013...\" \/>\n<meta property=\"og:url\" content=\"https:\/\/devetoper.com\/de\/properties\/his265\/\" \/>\n<meta property=\"og:site_name\" content=\"Devetoper\" \/>\n<meta property=\"article:publisher\" content=\"https:\/\/www.facebook.com\/DEVETOPERCOM\" \/>\n<meta property=\"og:image\" content=\"https:\/\/devetoper.com\/wp-content\/uploads\/2024\/05\/FALLBACK.png\" \/>\n\t<meta property=\"og:image:width\" content=\"1200\" \/>\n\t<meta property=\"og:image:height\" content=\"675\" \/>\n\t<meta property=\"og:image:type\" content=\"image\/png\" \/>\n<meta name=\"twitter:card\" content=\"summary_large_image\" \/>\n<meta name=\"twitter:site\" content=\"@DEVETOPER\" \/>\n<meta name=\"twitter:label1\" content=\"Gesch\u00e4tzte Lesezeit\" \/>\n\t<meta name=\"twitter:data1\" content=\"1 minute\" \/>\n<script type=\"application\/ld+json\" class=\"yoast-schema-graph\">{\"@context\":\"https:\/\/schema.org\",\"@graph\":[{\"@type\":[\"WebPage\",\"RealEstateListing\"],\"@id\":\"https:\/\/devetoper.com\/de\/properties\/his265\/\",\"url\":\"https:\/\/devetoper.com\/de\/properties\/his265\/\",\"name\":\"HIS265 - Devetoper\",\"isPartOf\":{\"@id\":\"https:\/\/devetoper.com\/de\/#website\"},\"datePublished\":\"2026-02-10T06:07:34+00:00\",\"breadcrumb\":{\"@id\":\"https:\/\/devetoper.com\/de\/properties\/his265\/#breadcrumb\"},\"inLanguage\":\"de-DE\",\"potentialAction\":[{\"@type\":\"ReadAction\",\"target\":[\"https:\/\/devetoper.com\/de\/properties\/his265\/\"]}]},{\"@type\":\"BreadcrumbList\",\"@id\":\"https:\/\/devetoper.com\/de\/properties\/his265\/#breadcrumb\",\"itemListElement\":[{\"@type\":\"ListItem\",\"position\":1,\"name\":\"Startseite\",\"item\":\"https:\/\/devetoper.com\/de\/\"},{\"@type\":\"ListItem\",\"position\":2,\"name\":\"Properties\",\"item\":\"https:\/\/devetoper.com\/de\/properties\/\"},{\"@type\":\"ListItem\",\"position\":3,\"name\":\"HIS265\"}]},{\"@type\":\"WebSite\",\"@id\":\"https:\/\/devetoper.com\/de\/#website\",\"url\":\"https:\/\/devetoper.com\/de\/\",\"name\":\"Devetoper\",\"description\":\"\u041f\u0440\u043e\u0444\u0435\u0441\u0441\u0438\u043e\u043d\u0430\u043b\u0438\u0437\u043c, \u043e\u0431\u0435\u0441\u043f\u0435\u0447\u0438\u0432\u0430\u044e\u0449\u0438\u0439 \u0431\u0435\u0437\u043e\u043f\u0430\u0441\u043d\u043e\u0441\u0442\u044c \u043a\u0430\u0436\u0434\u043e\u0439 \u0442\u0440\u0430\u043d\u0437\u0430\u043a\u0446\u0438\u0438\",\"publisher\":{\"@id\":\"https:\/\/devetoper.com\/de\/#organization\"},\"potentialAction\":[{\"@type\":\"SearchAction\",\"target\":{\"@type\":\"EntryPoint\",\"urlTemplate\":\"https:\/\/devetoper.com\/de\/?s={search_term_string}\"},\"query-input\":{\"@type\":\"PropertyValueSpecification\",\"valueRequired\":true,\"valueName\":\"search_term_string\"}}],\"inLanguage\":\"de-DE\"},{\"@type\":\"Organization\",\"@id\":\"https:\/\/devetoper.com\/de\/#organization\",\"name\":\"Devetoper\",\"url\":\"https:\/\/devetoper.com\/de\/\",\"logo\":{\"@type\":\"ImageObject\",\"inLanguage\":\"de-DE\",\"@id\":\"https:\/\/devetoper.com\/de\/#\/schema\/logo\/image\/\",\"url\":\"https:\/\/devetoper.com\/wp-content\/uploads\/2024\/05\/ORG_FALLBACK.png\",\"contentUrl\":\"https:\/\/devetoper.com\/wp-content\/uploads\/2024\/05\/ORG_FALLBACK.png\",\"width\":696,\"height\":696,\"caption\":\"Devetoper\"},\"image\":{\"@id\":\"https:\/\/devetoper.com\/de\/#\/schema\/logo\/image\/\"},\"sameAs\":[\"https:\/\/www.facebook.com\/DEVETOPERCOM\",\"https:\/\/x.com\/DEVETOPER\",\"https:\/\/www.youtube.com\/channel\/UCRF8haCQIXnFKmW464sqApQ\",\"https:\/\/www.tiktok.com\/@devetoper\",\"https:\/\/www.instagram.com\/devetoper_\/\"]}]}<\/script>\n<!-- \/ Yoast SEO plugin. -->","yoast_head_json":{"title":"HIS265 - Devetoper","robots":{"index":"noindex","follow":"follow"},"og_locale":"de_DE","og_type":"article","og_title":"HIS265 - Devetoper","og_description":"\ud83c\udf1f Residencial La Gran Manzana \u2013 BLOQUE 2 \ud83c\udfd7\ufe0f \u00daltima fase en construcci\u00f3n \u2014 \u00daltimas viviendas a la venta La Gran Manzana geht in seine f\u00fcnfte und letzte Phase und schlie\u00dft damit eines der au\u00dfergew\u00f6hnlichsten und umfassendsten Bauprojekte in Cartagena ab. Dieses Projekt hat das Leben in diesem Teil der Stadt v\u00f6llig ver\u00e4ndert \u2013...","og_url":"https:\/\/devetoper.com\/de\/properties\/his265\/","og_site_name":"Devetoper","article_publisher":"https:\/\/www.facebook.com\/DEVETOPERCOM","og_image":[{"width":1200,"height":675,"url":"https:\/\/devetoper.com\/wp-content\/uploads\/2024\/05\/FALLBACK.png","type":"image\/png"}],"twitter_card":"summary_large_image","twitter_site":"@DEVETOPER","twitter_misc":{"Gesch\u00e4tzte Lesezeit":"1 minute"},"schema":{"@context":"https:\/\/schema.org","@graph":[{"@type":["WebPage","RealEstateListing"],"@id":"https:\/\/devetoper.com\/de\/properties\/his265\/","url":"https:\/\/devetoper.com\/de\/properties\/his265\/","name":"HIS265 - Devetoper","isPartOf":{"@id":"https:\/\/devetoper.com\/de\/#website"},"datePublished":"2026-02-10T06:07:34+00:00","breadcrumb":{"@id":"https:\/\/devetoper.com\/de\/properties\/his265\/#breadcrumb"},"inLanguage":"de-DE","potentialAction":[{"@type":"ReadAction","target":["https:\/\/devetoper.com\/de\/properties\/his265\/"]}]},{"@type":"BreadcrumbList","@id":"https:\/\/devetoper.com\/de\/properties\/his265\/#breadcrumb","itemListElement":[{"@type":"ListItem","position":1,"name":"Startseite","item":"https:\/\/devetoper.com\/de\/"},{"@type":"ListItem","position":2,"name":"Properties","item":"https:\/\/devetoper.com\/de\/properties\/"},{"@type":"ListItem","position":3,"name":"HIS265"}]},{"@type":"WebSite","@id":"https:\/\/devetoper.com\/de\/#website","url":"https:\/\/devetoper.com\/de\/","name":"Devetoper","description":"\u041f\u0440\u043e\u0444\u0435\u0441\u0441\u0438\u043e\u043d\u0430\u043b\u0438\u0437\u043c, \u043e\u0431\u0435\u0441\u043f\u0435\u0447\u0438\u0432\u0430\u044e\u0449\u0438\u0439 \u0431\u0435\u0437\u043e\u043f\u0430\u0441\u043d\u043e\u0441\u0442\u044c \u043a\u0430\u0436\u0434\u043e\u0439 \u0442\u0440\u0430\u043d\u0437\u0430\u043a\u0446\u0438\u0438","publisher":{"@id":"https:\/\/devetoper.com\/de\/#organization"},"potentialAction":[{"@type":"SearchAction","target":{"@type":"EntryPoint","urlTemplate":"https:\/\/devetoper.com\/de\/?s={search_term_string}"},"query-input":{"@type":"PropertyValueSpecification","valueRequired":true,"valueName":"search_term_string"}}],"inLanguage":"de-DE"},{"@type":"Organization","@id":"https:\/\/devetoper.com\/de\/#organization","name":"Devetoper","url":"https:\/\/devetoper.com\/de\/","logo":{"@type":"ImageObject","inLanguage":"de-DE","@id":"https:\/\/devetoper.com\/de\/#\/schema\/logo\/image\/","url":"https:\/\/devetoper.com\/wp-content\/uploads\/2024\/05\/ORG_FALLBACK.png","contentUrl":"https:\/\/devetoper.com\/wp-content\/uploads\/2024\/05\/ORG_FALLBACK.png","width":696,"height":696,"caption":"Devetoper"},"image":{"@id":"https:\/\/devetoper.com\/de\/#\/schema\/logo\/image\/"},"sameAs":["https:\/\/www.facebook.com\/DEVETOPERCOM","https:\/\/x.com\/DEVETOPER","https:\/\/www.youtube.com\/channel\/UCRF8haCQIXnFKmW464sqApQ","https:\/\/www.tiktok.com\/@devetoper","https:\/\/www.instagram.com\/devetoper_\/"]}]}},"taxonomy_info":[],"featured_image_src_large":false,"author_info":{"display_name":"DEVETOPER","author_link":"https:\/\/devetoper.com\/de\/author\/devetoper\/"},"comment_info":"","jetpack_sharing_enabled":true,"_links":{"self":[{"href":"https:\/\/devetoper.com\/de\/wp-json\/wp\/v2\/property\/357801","targetHints":{"allow":["GET"]}}],"collection":[{"href":"https:\/\/devetoper.com\/de\/wp-json\/wp\/v2\/property"}],"about":[{"href":"https:\/\/devetoper.com\/de\/wp-json\/wp\/v2\/types\/property"}],"author":[{"embeddable":true,"href":"https:\/\/devetoper.com\/de\/wp-json\/wp\/v2\/users\/1156"}],"version-history":[{"count":0,"href":"https:\/\/devetoper.com\/de\/wp-json\/wp\/v2\/property\/357801\/revisions"}],"acf:attachment":[{"embeddable":true,"href":"https:\/\/devetoper.com\/de\/wp-json\/wp\/v2\/media\/318128"},{"embeddable":true,"href":"https:\/\/devetoper.com\/de\/wp-json\/wp\/v2\/media\/318131"},{"embeddable":true,"href":"https:\/\/devetoper.com\/de\/wp-json\/wp\/v2\/media\/318129"},{"embeddable":true,"href":"https:\/\/devetoper.com\/de\/wp-json\/wp\/v2\/media\/318130"},{"embeddable":true,"href":"https:\/\/devetoper.com\/de\/wp-json\/wp\/v2\/media\/318127"}],"wp:attachment":[{"href":"https:\/\/devetoper.com\/de\/wp-json\/wp\/v2\/media?parent=357801"}],"wp:term":[{"taxonomy":"category","embeddable":true,"href":"https:\/\/devetoper.com\/de\/wp-json\/wp\/v2\/categories?post=357801"},{"taxonomy":"post_tag","embeddable":true,"href":"https:\/\/devetoper.com\/de\/wp-json\/wp\/v2\/tags?post=357801"}],"curies":[{"name":"wp","href":"https:\/\/api.w.org\/{rel}","templated":true}]}}

<p>🌟 Residencial La Gran Manzana – BLOQUE 2</p>
<p>🏗️ Última fase en construcción — Últimas viviendas a la venta</p>
<p> </p>
<p>La Gran Manzana geht in seine fünfte und letzte Phase und schließt damit eines der außergewöhnlichsten und umfassendsten Bauprojekte in Cartagena ab. Dieses Projekt hat das Leben in diesem Teil der Stadt völlig verändert – modern, funktional und auf den Komfort der Bewohner ausgelegt.</p>
<p> </p>
<p>🏡 Wohnungen mit 2, 3 und 4 Schlafzimmern</p>
<p>☀️ Große Terrassen</p>
<p>✨ Intelligente Grundrisse und modernes Design</p>
<p>🌱 Energieeffizienz und hochwertige Ausstattung</p>
<p> </p>
<p>Jede Wohnung wurde so gestaltet, dass sie den Innen- und Außenbereich miteinander verbindet: Die Terrassen werden zu einer natürlichen Erweiterung des Wohnzimmers – ideal für ein Frühstück in der Sonne, zum Arbeiten im Freien, zum Entspannen oder für Treffen mit Freunden und Familie.</p>
<p> </p>
<p>Es ist nicht nur ein Zuhause. Es ist ein neuer Lebensstil in einem der sich am schnellsten entwickelnden Teile von Cartagena – Sierra Minera.</p>
<p> </p>
<p>📍 Letzte verfügbare Einheiten – Bau im Gange!</p>
<p>📞 Kontaktieren Sie uns oder vereinbaren Sie einen Besichtigungstermin. Wir zeigen Ihnen gerne den Ort, an dem Ihr neues Leben beginnen kann.</p>
<p>👉 Kaufen Sie sicher und professionell über die Devetoper-Plattform.</p>
<p> </p>

<p>🌟 Residencial La Gran Manzana – BLOQUE 2 🏗️ Última fase en construcción — Últimas viviendas a la venta La Gran Manzana geht in seine fünfte und letzte Phase und schließt damit eines der außergewöhnlichsten und umfassendsten Bauprojekte in Cartagena ab. Dieses Projekt hat das Leben in diesem Teil der Stadt völlig verändert –&#8230;</p>

<!-- This site is optimized with the Yoast SEO plugin v24.5 - https://yoast.com/wordpress/plugins/seo/ -->
<title>HIS265 - Devetoper</title>
<meta name="robots" content="noindex, follow" />
<meta property="og:locale" content="de_DE" />
<meta property="og:type" content="article" />
<meta property="og:title" content="HIS265 - Devetoper" />
<meta property="og:description" content="🌟 Residencial La Gran Manzana – BLOQUE 2 🏗️ Última fase en construcción — Últimas viviendas a la venta La Gran Manzana geht in seine fünfte und letzte Phase und schließt damit eines der außergewöhnlichsten und umfassendsten Bauprojekte in Cartagena ab. Dieses Projekt hat das Leben in diesem Teil der Stadt völlig verändert –..." />
<meta property="og:url" content="https://devetoper.com/de/properties/his265/" />
<meta property="og:site_name" content="Devetoper" />
<meta property="article:publisher" content="https://www.facebook.com/DEVETOPERCOM" />
<meta property="og:image" content="https://devetoper.com/wp-content/uploads/2024/05/FALLBACK.png" />
	<meta property="og:image:width" content="1200" />
	<meta property="og:image:height" content="675" />
	<meta property="og:image:type" content="image/png" />
<meta name="twitter:card" content="summary_large_image" />
<meta name="twitter:site" content="@DEVETOPER" />
<meta name="twitter:label1" content="Geschätzte Lesezeit" />
	<meta name="twitter:data1" content="1 minute" />
<script type="application/ld+json" class="yoast-schema-graph">{"@context":"https://schema.org","@graph":[{"@type":["WebPage","RealEstateListing"],"@id":"https://devetoper.com/de/properties/his265/","url":"https://devetoper.com/de/properties/his265/","name":"HIS265 - Devetoper","isPartOf":{"@id":"https://devetoper.com/de/#website"},"datePublished":"2026-02-10T06:07:34+00:00","breadcrumb":{"@id":"https://devetoper.com/de/properties/his265/#breadcrumb"},"inLanguage":"de-DE","potentialAction":[{"@type":"ReadAction","target":["https://devetoper.com/de/properties/his265/"]}]},{"@type":"BreadcrumbList","@id":"https://devetoper.com/de/properties/his265/#breadcrumb","itemListElement":[{"@type":"ListItem","position":1,"name":"Startseite","item":"https://devetoper.com/de/"},{"@type":"ListItem","position":2,"name":"Properties","item":"https://devetoper.com/de/properties/"},{"@type":"ListItem","position":3,"name":"HIS265"}]},{"@type":"WebSite","@id":"https://devetoper.com/de/#website","url":"https://devetoper.com/de/","name":"Devetoper","description":"Профессионализм, обеспечивающий безопасность каждой транзакции","publisher":{"@id":"https://devetoper.com/de/#organization"},"potentialAction":[{"@type":"SearchAction","target":{"@type":"EntryPoint","urlTemplate":"https://devetoper.com/de/?s={search_term_string}"},"query-input":{"@type":"PropertyValueSpecification","valueRequired":true,"valueName":"search_term_string"}}],"inLanguage":"de-DE"},{"@type":"Organization","@id":"https://devetoper.com/de/#organization","name":"Devetoper","url":"https://devetoper.com/de/","logo":{"@type":"ImageObject","inLanguage":"de-DE","@id":"https://devetoper.com/de/#/schema/logo/image/","url":"https://devetoper.com/wp-content/uploads/2024/05/ORG_FALLBACK.png","contentUrl":"https://devetoper.com/wp-content/uploads/2024/05/ORG_FALLBACK.png","width":696,"height":696,"caption":"Devetoper"},"image":{"@id":"https://devetoper.com/de/#/schema/logo/image/"},"sameAs":["https://www.facebook.com/DEVETOPERCOM","https://x.com/DEVETOPER","https://www.youtube.com/channel/UCRF8haCQIXnFKmW464sqApQ","https://www.tiktok.com/@devetoper","https://www.instagram.com/devetoper_/"]}]}</script>
<!-- / Yoast SEO plugin. -->

🌟 Residencial La Gran Manzana – BLOQUE 2 🏗️ Última fase en construcción — Últimas viviendas a la venta La Gran Manzana geht in seine fünfte und letzte Phase und schließt damit eines der außergewöhnlichsten und umfassendsten Bauprojekte in Cartagena ab. Dieses Projekt hat das Leben in diesem Teil der Stadt völlig verändert –...

Профессионализм, обеспечивающий безопасность каждой транзакции
